 + 3*f - 3 = 0. Let o(c) = 38*c**3 + 2*c**2 + 4*c - 6. Calculate the remainder when 147 + (0/f - -2) is divided by o(1).
35
Suppose -k = -1, -4*k + 747 = -3*p - k. Let x be p/(-20) + (-2)/5. Suppose 0 = -3*y - x + 72. Calculate the remainder when 57 is divided by y.
17
Suppose 3*c + 4*w - 5 = 0, -c = 9*w - 6*w. Suppose 2*s + 54 = 4*j + 5*s, -c*s = -5*j + 54. Calculate the remainder when 34 is divided by j.
10
Let l(o) = o**3 - 12*o**2 + 38. Calculate the remainder when 455 is divided by l(12).
37
Let a = 6 + -20. Let x = 28 - a. Let g = -18 + x. Calculate the remainder when g is divided by 13.
11
Suppose -4*d + 2*r = 100, -74 = 3*d - 3*r + 2*r. Let p = -15 - d. Calculate the remainder when ((-33)/p)/(5/(-135)) is divided by 20.
19
Let i(z) = -4*z + 16. Let g be i(-12). Let b = 86 - g. Calculate the remainder when 63 is divided by b.
19
Let x be (-6)/8*-2*2. Suppose 2*b = 2*n + 16, 3*b - 2*n + 3*n = 12. Suppose -b*y - a - a = -67, 16 = y + x*a. Calculate the remainder when 24 is divided by y.
11
Suppose -5*n + 6*n = -4*u + 375, -n + 90 = u. What is the remainder when u is divided by 6?
5
Suppose -s - 5*m + 35 = 0, -6*s + 5*m + 15 = -2*s. Suppose 2*g = -0*g + 12. Calculate the remainder when s is divided by 5 - (0 - g/3).
3
Let j(a) = 15*a + 447. Calculate the remainder when j(-27) is divided by 28.
14
Suppose -1 - 24 = -5*f. Calculate the remainder when 34 is divided by f.
4
Suppose -5*y = 0, -2*z + 4*z = 4*y + 96. Calculate the remainder when z is divided by 31.
17
Suppose 63 = -2*c + 5*c. Let w = 4 + c. Calculate the remainder when w is divided by 7.
4
Suppose 4*z - 295 = z + 5*l, z - 2*l = 100. Let x be z/(-12)*(-16 - -2). Let k = -74 + x. Calculate the remainder when k is divided by 8.
7
Let q = -377 - -386. What is the remainder when 105 is divided by q?
6
Calculate the remainder when 66 is divided by 24*1*6/12.
6
What is the remainder when 906/16 + (-84)/(-224) is divided by 20?
17
Let k = 19438 - 19299. Let d = 10 - -18. Let g = 63 - d. Calculate the remainder when k is divided by g.
34
Let m(v) = 2*v**2 - 7*v - 2. Let u be m(4). Let f(b) = b**3 + b**2 - b + 1. Calculate the remainder when 20 is divided by f(u).
9
Let n(y) = -y**2 - 10*y - 13. Suppose 2*d + 8 = -4. Calculate the remainder when 29 is divided by n(d).
7
Suppose 0 = -5*g + 4*i + 14, 2*g + 2*i + 1 = 21. Suppose -8*n = -6*n - g. Suppose -n*u = -6 - 144. What is the remainder when u is divided by 13?
11
Let n(v) = 6*v + 42. Let q be n(-7). Suppose 5*l = l + 3*j + 247, q = 4*l + 4*j - 268. Calculate the remainder when l is divided by 11.
9
Let r(d) = -2*d**2 - 18*d + 146. Let t = -2 + 1. Calculate the remainder when r(5) is divided by (1/2)/(t/(-2)).
0
Calculate the remainder when -9 - (924/(-11) + -6) is divided by 55.
26
Suppose 2*g + 35 = 107. Calculate the remainder when (-5)/2*g/(-30) is divided by 3.
0
Suppose 12*y - 10*y = 10, -4*v + 72 = -4*y. What is the remainder when 511 is divided by v?
5
Suppose 1 + 15 = 4*r. Suppose 3*o + g = 104, 2*o - r*o = 2*g - 72. What is the remainder when o is divided by 13?
8
Let k = 125 - -26. Suppose -5*z - 21 = -5*f + 154, -2*f + 85 = 3*z. Calculate the remainder when k is divided by f.
37
Let w(u) = 2*u - 5. Let z be w(7). Let p(x) = -x**2 + 12*x + 2. Let v(a) = a**2 + 19*a + 26. Calculate the remainder when p(z) is divided by v(-18).
5
Suppose 3*p = 2*o + 108 - 362, 0 = 4*o + 5*p - 486. Let x = o + -91. Calculate the remainder when x is divided by 5.
3
Suppose -n - 1 + 9 = 0. What is the remainder when (((-39)/2)/3)/((-36)/72) is divided by n?
5
Let q(r) = -17*r - 13. Let s(m) = 6*m + 1. Let l(f) = -q(f) - 3*s(f). Let t = 0 - -7. Calculate the remainder when 3 is divided by l(t).
0
Let v = -764 - -775. Calculate the remainder when 644 is divided by v.
6
Suppose 4*o + 3*x - 501 = 0, 8 - 3 = -x. Calculate the remainder when o is divided by 27.
21
Let z = 33 - 23. Let g(w) = w - 8. Let q be g(z). Suppose 2*y = -y - s + 202, 0 = -q*s - 4. What is the remainder when y is divided by 24?
20
Suppose 0 = -52*k + 49*k + 261. Calculate the remainder when k is divided by 25.
12
Suppose -2*v - 3*m = 2*v - 294, -3*m = -6. Let z = v - 55. What is the remainder when 135 is divided by z?
16
Let f(b) = 3*b - 34. Suppose -4*y = p - 78, 5*y - 5*p + 55 - 165 = 0. Let l = y - 8. What is the remainder when l is divided by f(13)?
2
Suppose -4*y + 1572 = 5*a, y - 308 = -a - 3*y. Let i = -222 + a. Calculate the remainder when i is divided by 48.
46
Suppose -d - 9 = -3*b, -3*b + 2*d + 4 = -2. Suppose -109 + 11 = -5*i + c, -5*i + 108 = b*c. Calculate the remainder when 77 is divided by i.
17
Let i = -10 + 15. Suppose -2 = -b - 3*z - 5, -2*b + 2 = 4*z. What is the remainder when b is divided by i?
4
Calculate the remainder when (-4)/(-8)*172 + (12 - 10) is divided by 44.
0
Let z = -90 - -96. Suppose 0 = f + z*y - 8*y - 32, f - 4*y = 40. Calculate the remainder when f is divided by 16.
8
What is the remainder when 78 is divided by (37/6)/((-19)/(-114))?
4
Suppose -11*r = -2*r - 999. Calculate the remainder when r is divided by 29.
24
Let m(w) = 24*w**2 - w + 1. Let r be 204/85 + (-2)/5. Suppose r*h + 1 = 3*h. Calculate the remainder when 46 is divided by m(h).
22
Suppose n + 180 = 914. Calculate the remainder when n is divided by 82.
78
Let r = 384 + -373. Suppose 5*t - 4*p - 62 = 0, -5*p + 52 = 2*t + t. What is the remainder when t is divided by r?
3
Suppose -30 = 7*f - 2*f. Let h = 165 + -106. What is the remainder when h is divided by (-3)/f*(-5 + 5) - -20?
19
Let w(g) = -20 - 17 + 37 + 8*g. What is the remainder when 79 is divided by w(2)?
15
Suppose -2*a + 69 = -33. Calculate the remainder when 82 is divided by a.
31
Suppose -6*l + 2*l = -2152. Calculate the remainder when l is divided by 14.
6
Suppose 0 = 3*a - j - 24, -2*a + 8*j - 5*j = -23. What is the remainder when 23 is divided by a?
2
Suppose -981 = -4*i - 4*u - 401, 0 = -5*i - u + 741. Let r = i - 20. What is the remainder when r is divided by (-5742)/(-348)*2*1?
30
Calculate the remainder when (196/2)/(9*7/189) is divided by 25.
19
What is the remainder when ((-693)/(-18) + 11)/((-12)/(-80)) is divided by 3?
0
Let s(p) = 3*p - 18. What is the remainder when 79 is divided by s(12)?
7
Let d = 25 - 17. Suppose 75 = -33*c + 36*c. Suppose l = -4*s + 19, -l - 2*s = -2*l + c. What is the remainder when l is divided by d?
7
What is the remainder when 182 is divided by (-24)/(-36) + (-435)/(-9)?
35
Let y = 0 - -15. Calculate the remainder when 23 is divided by y.
8
Let i = 52 + 26. Let m = 834 + -817. Calculate the remainder when i is divided by m.
10
Let p(b) = b**3 - 12*b**2 - 36*b - 13. Suppose 9*w - 6*w = 123. What is the remainder when p(15) is divided by w?
40
Suppose 0 = 63*o + 1500 - 11454. What is the remainder when o is divided by 20?
18
Suppose 0 = 2*h + 2*q - 332, -4*q + 503 = -9*h + 12*h. Calculate the remainder when h is divided by 11.
7
Let t(w) = 4*w**2 - 17*w + 24. What is the remainder when t(5) is divided by 3?
0
Suppose -5*o - 25 = -5*y, -2*o = -o - 4*y - 10. Let c(z) = z**2 + 6*z + 2. What is the remainder when c(o) is divided by 9?
6
Let i be 1 + 0 + (-110)/5. Let h = -18 - i. Suppose -33 = -6*q + h*q. Calculate the remainder when q is divided by 7.
4
Suppose 5*s - 5*f + 3 - 8 = 0, 2*s + 5*f - 30 = 0. Suppose 20 = -4*l, -h - 105 = 3*h + s*l. Let g = 42 + h. What is the remainder when 43 is divided by g?
21
Let w(l) = -l**2 - 12*l + 20. Let s be w(-13). Suppose 0 = 4*y + 5*t - s*t - 170, y - 37 = -5*t. What is the remainder when y is divided by 15?
12
Suppose 0 = 5*u + 13 - 48. Let n = 1 + 4. Suppose n*b - b = 20. What is the remainder when u is divided by b?
2
Let d(i) = -6*i + 21. Let g be d(-7). Let t = g - 38. Calculate the remainder when 96 is divided by t.
21
Let a(s) = s + 28. Calculate the remainder when 71 is divided by a(-4).
23
Let l(j) = 2*j. Let p(z) = -z + 37. What is the remainder when p(-17) is divided by l(7)?
12
Let p be 1/(0 + 3/66). Let d = -17 + p. Suppose d*z = 24 - 4. Calculate the remainder when 7 is divided by z.
3
Let q = 292 + -263. Calculate the remainder when q is divided by 15.
14
Suppose -3*c + 18 = 5*o, 5*o - 38 = -4*c + 3*o. Suppose 150 = 3*h + 4*w - 27, w = 4*h - 236. Let k = -40 + h. What is the remainder when k is divided by c?
8
Suppose 0*n + 54 =